l be h(d). Suppose 0 = -l*f - 2*u + 172, 2*f - 6*u = -7*u + 171. Is f prime?
False
Let n be 1*3*(-38)/(-57). Let y(m) = m**2 + m - 5. Let p be y(-5). Suppose -5*l + 0*l = -p, -n*l = -5*g + 389. Is g a prime number?
True
Suppose -3*n + 8*n = 25. Is 188 - n/(15/9) composite?
True
Suppose -4*w + 519 + 4613 = 0. Is w a composite number?
False
Suppose z - 25 = 4*d, 0 = -2*d + 4*d - 6. Is z prime?
True
Let o be ((-2)/(-2) + -10)*1. Let a(s) = -s**3 - 7*s**2 + 10*s - 13. Is a(o) a prime number?
True
Is (-2 + (3 - 2))*-109 prime?
True
Is 1/(2 - (-116)/(-60)) a prime number?
False
Let g(k) = -5*k - 5. Let b be g(-2). Suppose -3*z = -o + b*o - 143, 82 = 2*o - 2*z. Is o composite?
True
Suppose 2*k = 6*k - 1252. Suppose d - 174 = k. Is d composite?
False
Suppose 0 = -4*p - p + 4*a + 37, -3*p = 5*a. Suppose -n - 28 = -p*n. Suppose 2*r - 29 + n = 0. Is r a prime number?
True
Let w(p) be the second derivative of -3*p**3/2 + 5*p**2/2 + p. Suppose f + 18 = 2*g, -f - 2*g + 2 = -0*g. Is w(f) a composite number?
True
Let n(a) = -a**3 + 10*a**2 + a - 10. Let o be n(10). Suppose 3*g - 52 - 5 = o. Is g composite?
False
Let w = 11 - 7. Suppose -2*t + 320 = 3*t + 5*g, w*g = 2*t - 104. Suppose -2*h + 6*h - t = 0. Is h a composite number?
True
Suppose -3*n = -4*w - 6, -5*w + 10*w - 8 = -4*n. Let t(y) = -4*y - 3 + w - y. Is t(-8) composite?
False
Suppose v - 361 - 338 = 0. Is v composite?
True
Let c(x) = -26*x + 3. Let i be c(3). Let y = i + 110. Suppose 10*n = -s + 5*n + y, -5*s = -3*n - 287. Is s composite?
True
Let q be 0 + 2 + 4/(-2). Suppose 0*l + 3*l = q. Suppose l*z + 5*z = 385. Is z prime?
False
Suppose 0*t = -t. Suppose -3*o + o + 80 = t. Suppose -o - 65 = -5*r. Is r composite?
True
Suppose 4*w + n = 3618, -w - 2*n = -n - 903. Is ((-8)/20)/((-1)/w) composite?
True
Suppose -4*s = -0 + 4. Let j be s/2*(0 - 4). Suppose j*t - 47 = t. Is t a prime number?
True
Let y(s) = -s - 1. Let w(c) = c + 1. Let i(k) = -2*w(k) - 3*y(k). Let o be i(2). Let p(h) = 2*h**3 + h - 4. Is p(o) a prime number?
True
Let t(a) = 2*a**3 + 2*a**2 - 1. Let b be t(1). Let f = b + -1. Suppose -2*p - f + 94 = 0. Is p a composite number?
True
Is ((-3)/2)/((-15)/330) prime?
False
Let w(d) = -d**3 - 4. Let y(f) = -f**3 + f**2 - f - 3. Let o(l) = 6*w(l) - 7*y(l). Let j be o(6). Suppose -j*x + 220 = x. Is x composite?
True
Suppose -3*q + 0*y = 2*y + 146, 5*y - 139 = 3*q. Let f = q - -85. Is f composite?
False
Let c(l) = -l**2 + 5*l + 4. Let i(j) = -j**2 + 2*j + 1. Let m be i(2). Suppose -r + 2*s = -m, 3*r + 5 = -2*s + 16. Is c(r) composite?
True
Let j(o) = -o**2 + 7*o - 5. Let s be j(4). Suppose 815 = -2*x + s*x. Is x composite?
False
Let i = 11 - -49. Suppose 151 = u - i. Is u composite?
False
Suppose 3*t + 2*i = 873, -2 = -i + 1. Suppose -7*w + t = -2*w - 3*j, -w - j + 61 = 0. Is w composite?
False
Suppose 0 = -4*l - 12, v = -2*v + 3*l + 3996. Is v prime?
False
Suppose -9*r + 652 = -5*r. Is r composite?
False
Let o = -10 - -14. Suppose -o*r + 5*v + 286 = 0, -7*v + 3*v = -5*r + 353. Is r a prime number?
False
Let o(j) = j**3 + 11*j**2 + j + 6. Let m be o(-11). Let v = -3 - m. Suppose 4*r - 188 = -v*k, -r = 3*k - 0*k - 37. Is r prime?
False
Let g(y) = 1 - 40*y**3 + y - 7*y + 9*y + 2*y**2. Is g(-2) prime?
False
Suppose 6*r - 3*r = -3. Let n be (-4)/(1/(r/1)). Suppose n*y - 286 + 74 = 0. Is y a prime number?
True
Let v = 3 + -8. Let x be (-94)/((-2)/8*2). Is x/10 + (-1)/v prime?
True
Is (9/6)/(3/758) a composite number?
False
Let a be (-1)/(1/4*-2). Suppose -1 + a = b. Let w = 22 - b. Is w composite?
True
Let c(z) = -z**3 - z**2 + 2*z + 4. Let t be c(-4). Is t - (-6 + 5 + -2) composite?
False
Let a(f) = 3*f - 5*f + f - 6. Let y be a(-6). Suppose 2*p + y*p = 254. Is p a composite number?
False
Let l = 55 - -9. Let f be (-18)/8*l/(-24). Suppose 0 = -2*o + a + 264, -6*a = -3*a - f. Is o composite?
True
Let x(o) = -3*o**3 + 2*o**2 - o + 1. Suppose -3*v - l - 9 = 0, 3*l + l + 8 = 2*v. Is x(v) prime?
False
Let f(d) = 10*d**3 - 2*d**2 - d. Let t be f(-1). Is (0 - t)/(1/2) composite?
True
Let n = 9 - -26. Is n a prime number?
False
Let c be (21/12)/((-3)/(-12)). Let u(d) = 8*d - 1. Is u(c) a prime number?
False
Is (-3171)/(-15) + (-4)/10 composite?
False
Suppose 0 = -2*w + 25 + 37. Is w prime?
True
Suppose 2*a + 40 = -3*a. Is 82/6 + a/12 a prime number?
True
Let b(s) = -4*s**3 - 13*s**2 + 4*s**3 + 3 + 3*s**2 - 5*s - s**3. Is b(-10) composite?
False
Let r(p) = 2*p**3 - 3*p**2 - 3*p + 3. Is r(5) a composite number?
False
Is (-2 - -3)/((-5)/(-1685)) a prime number?
True
Let u = 4 + -4. Suppose u = 3*l - 0*l - 192. Suppose g + i = 6*i + l, 0 = -2*g + 3*i + 149. Is g a composite number?
False
Let l = -1 - -3. Is -2 + l - -3 - -20 composite?
False
Let d(q) = 10*q**2 + q + 1. Let b = -11 - -9. Is d(b) a prime number?
False
Let z = 412 - 228. Let d = 95 - z. Let n = d - -144. Is n composite?
True
Let m(b) = -b - 1. Let w(v) = -1. Let i(f) = -3*m(f) + 4*w(f). Let x be i(1). Suppose 5*a = 4*c + 317, x*a - 35 - 93 = c. Is a prime?
False
Suppose -4*v + 248 = -0*v. Let p = -37 + v. Is p composite?
True
Suppose 3*r + 3*a - 1905 = 0, a - 643 = -r - 2*a. Is r a composite number?
False
Suppose -8*o + 3*o + 15 = 0. Is o prime?
True
Let s(j) = 256*j + 25. Is s(4) a prime number?
True
Let d = -56 + 179. Is d a composite number?
True
Let q = 861 + -182. Is q prime?
False
Let o = 588 + -419. Is o composite?
True
Let w(z) = -z**2 + 1. Let f be w(-1). Let d(k) = 4*k**2 - 3*k**2 - 3*k + f*k**2 - 4. Is d(5) a composite number?
True
Let i be (-2 - -3)/((-6)/(-978)). Let x = 480 - i. Is x prime?
True
Suppose 2*x = -148 + 666. Is x composite?
True
Suppose 2*o - 7 - 5 = 0. Let b be ((-8)/20)/(1/5). Is (-383)/b + (-3)/o a composite number?
False
Let s = -195 + 470. Suppose 5*q = 2*p - 225, -2*p - 42 + s = 3*q. Is p composite?
True
Suppose -5*w = -2*w - 273. Is w a composite number?
True
Suppose 3*q - 15 = s, -4*s - s + 3*q - 39 = 0. Let r(k) = k**3 - 9*k - 3 + 8*k**2 - 2*k**2 + 0*k**2. Is r(s) a prime number?
False
Let v be (1/3)/(1/9). Is 4/6 + 109/v a prime number?
True
Suppose -4*c + 664 = -2*c - 3*q, -4*q + 996 = 3*c. Suppose g + 3*g - c = 0. Is g a prime number?
True
Let y be (6/4)/((-6)/(-356)). Let h = y - -105. Is h a composite number?
True
Let q(m) = 4*m**2 - 3*m + 2. Let z be q(2). Suppose -4*u - 12 - z = -2*h, -2*u = -2*h + 26. Is h prime?
False
Suppose 5*s - 426 = -2*b + 847, 4*s - 12 = 0. Is b a composite number?
True
Suppose -23 = 2*r + 3*t, -5*t + 28 - 8 = -5*r. Let y = -62 - -15. Is y/r - (-4)/14 prime?
True
Suppose 3*h + 6 = -3*b, 4*b + b - 5*h - 40 = 0. Suppose -b*g = g - 276. Is g a prime number?
False
Let f(m) = m + 224. Let w be f(0). Suppose -3*s - 17 + w = 0. Is s composite?
True
Let f(x) = 18*x + 5. Is f(6) composite?
False
Let y(m) = m + 74. Is y(0) prime?
False
Let v be (-1)/(-2) + (-1)/4*22. Let o(k) = k**3 - 3*k**2 + 3*k. Let q be o(2). Is q/6*(v - -170) a composite number?
True
Suppose -5*c = -420 + 25. Is c a prime number?
True
Let w = -9 + 12. Suppose -s = w*n - 16, 5*s - 4*n = -0*n + 175. Suppose 2*q - y = s, 0 = -4*y + 11 - 31. Is q prime?
True
Suppose u = -3*m + 115 - 306, 5*m = -2*u - 318. Let w = m - -153. Is w prime?
True
Suppose 0 = -8*r + 4*r + 40. Let t = -6 + r. Suppose -3*u = t*w - 17, -u + 5*u + 2*w = 26. Is u a prime number?
True
Suppose -2*x + 3 = -2*b + x, 0 = 5*x - 15. Suppose -b*n = -n - 254. Is n prime?
True
Let f(c) = 8*c**2 - c - 4. Let o = -4 + 6. Is f(o) composite?
True
Is 29*33*1/3 prime?
False
Let l be 2 - 8/3*-3. Is (-6)/(-10) - (-94)/l a prime number?
False
Suppose 3*o + 0*o = 4*u + 8, 5*o + 2*u - 22 = 0. Suppose o*d + 123 = -4*n + 651, -2*d - n + 265 = 0. Is d composite?
True
Let w(p) be the third derivative of p**7/840 - 13*p**6/720 - p**5/20 - 2*p**2. Let i(j) be the third derivative of w(j). Is i(11) a composite number?
False
Let v(t) = 4*t**2 - 3*t + 13. Let f(h) = 3*h**2 - 2*h + 12. Let z(y) = 3*f(y) - 2*v(y). Is z(-9) a composite number?
True
Suppose 54 = -4*j + 2770. Is j composite?
True
Let a be ((-9)/2)/(6/(-56)). Let s be (22/4)/((-2)/(-4)). Let b = a + s. Is b prime?
True
Let v(i) = -23*i**3 + i**2 - i - 3. Is v(-2) a composite number?
True
Let y(o) = o**2 - 13*o + 37. Is y(20) prime?
False
Let w = 4823 + -3312. Is w a composite number?
False
Let u(t) = 351*t - 1. Supp